hest common factor of b and 940.
47
Let i(k) = k**2 - 4*k + 43. Let t be i(-9). Let n be 1406/8 - 120/t. Let h be 3/((-9)/(-25))*3. What is the greatest common factor of n and h?
25
Suppose -r = 2*r - 189. Let d be (1137/(-9) + (-2)/(-6))/(4/(-18)). Calculate the greatest common divisor of r and d.
63
Let k = -38 + 26. Let m be (-1 - -20) + (k - -11). Calculate the greatest common factor of 2 and m.
2
Let k be (-296)/(-10) + 44/110. What is the greatest common divisor of k and 75?
15
Let u be 1/(-1)*(-3)/3. Let p be -6*3/(-6) - u. Suppose -4*v + 297 = -3*b, 3*b = p*v + 5*b - 152. What is the highest common divisor of v and 30?
15
Let f(t) = t**3 + 3*t**2 + 2*t - 23. Let x be f(5). What is the greatest common factor of 51 and x?
17
Let x be ((-10736)/(-1220))/((-4)/(-195)). Suppose -s + 12 = -27. What is the highest common divisor of x and s?
39
Suppose 0 = 5*k + x - 55 - 1205, x = -k + 248. Calculate the greatest common factor of k and 92.
23
Suppose 22*t = 23*t - 7. Calculate the highest common divisor of t and 21.
7
Let c(i) = -29*i + 8. Let l be c(5). Let v = -126 - l. Calculate the greatest common factor of 1 and v.
1
Let o(v) = -v**2 + 15*v - 18. Let x = 8 + 5. Let u be o(x). Calculate the highest common divisor of 8 and u.
8
Let r be ((-15)/25)/((-1)/5). Suppose 2*a = r*z - 34, -2*a + 62 = 5*z - 4*a. What is the greatest common factor of z and 56?
14
Suppose 3354 = 32*p - 2598. What is the greatest common divisor of p and 248?
62
Let d = -1096 - -1782. Calculate the greatest common factor of 14 and d.
14
Let i = -4 - -9. Suppose -1 = 4*h - m, -h + m = 4*h + 1. Let l = 5 - h. What is the greatest common factor of i and l?
5
Let c(u) = -87*u + 1. Let n be c(-1). Suppose 0 = 36*h - 96 - 325 + 25. What is the highest common factor of h and n?
11
Let v be ((-35)/(-21))/(2352/783 + -3). What is the highest common factor of v and 609?
87
Suppose 5*f - 4*y = 784, 4*f - 570 = 3*y + 58. Suppose -t + 2*r + 4 = 0, -3*r + 10 - 40 = -3*t. Calculate the highest common factor of t and f.
16
Let n(y) = 106*y - 402. Let v be n(12). What is the highest common divisor of v and 20?
10
Let l(g) = -299*g - 7 + 2 + 300*g. Let y be l(12). Calculate the greatest common divisor of y and 49.
7
Let h(p) be the first derivative of 1 + p**2 + 2/3*p**3 - 2*p. Let l be h(-3). Calculate the highest common factor of 30 and l.
10
Let o be (-620)/(-26) + 34/221. Suppose v - o = -v. Calculate the highest common factor of 6 and v.
6
Suppose -4*a - 7 = -d, -d - 9 = -0*d + 4*a. Let y = 6 + d. Suppose 0*t + 60 = y*t. Calculate the highest common divisor of t and 84.
12
Let f be 8/6*(-9)/(-2). Suppose r - f*r = 0. Suppose r*o - o = -32. Calculate the highest common divisor of 8 and o.
8
Suppose -2*h = -6*h + 128. Suppose 4*d + 4 = -4*n, 0*d = -4*n - 2*d. Let l be (-5 - -29)*(n - 3/9). What is the highest common factor of h and l?
16
Suppose -36 = -4*z + 5*o + 5, 0 = z + o + 1. Let i = 6 + -6. Suppose 4*s - 20 = i, 2*p - 3*s = -2*p - 11. Calculate the greatest common divisor of p and z.
1
Let b(u) = 29*u**2 - 9*u - 49. Let z be b(-4). Calculate the highest common factor of 82 and z.
41
Suppose 2*p - 10*p = 128. Let n = 32 + p. Calculate the greatest common factor of n and 24.
8
Suppose 12*s = 7 + 41. Let f(b) = 2*b + 5. Let z be f(s). Calculate the highest common factor of z and 65.
13
Let w be 88 + (-2 - -2)*1/1. Suppose -3*o - w = -7*o. Calculate the greatest common factor of 11 and o.
11
Let d(r) = -r + 66. Let w be d(8). What is the highest common factor of w and 58?
58
Let i be (-2)/6 + 392/6. Let r = 56 + -59. Let d be i + (-4)/12*r. Calculate the highest common factor of d and 6.
6
Suppose 2*y - 7*y + 45 = 0. Suppose 0 = w + y - 13. What is the greatest common divisor of 36 and w?
4
Suppose -6*i - 828 = -162. Let m = -56 - i. What is the highest common divisor of m and 22?
11
Let q(i) = -17*i - 2. Let j be q(-2). Let m = -30 + j. Let o be ((-28)/70)/(m/(-100)). Calculate the greatest common divisor of 10 and o.
10
Suppose 8*v - 85 + 1405 = 0. Let h = 340 + v. Calculate the highest common factor of h and 25.
25
Suppose -60*k = -55*k + 40. Let j = 19 - k. Calculate the highest common divisor of j and 9.
9
Let r = -133 - -137. Let v be r - (9/(-21) + 558/(-21)). Let z be (123 - -1) + 0/1. Calculate the highest common divisor of v and z.
31
Let u be (-24151)/(-10) + -10 + 198/20. What is the greatest common factor of 105 and u?
105
Let w(y) = 2*y**2 + 69*y - 29. Let n be w(-37). What is the greatest common factor of 12 and n?
12
Suppose 4049 = 16*k + 769. Calculate the greatest common divisor of k and 41.
41
Let s(m) be the second derivative of -m**3/6 + 4*m**2 - 3*m. Let a be s(3). Suppose 1 - 2 = -v. Calculate the greatest common factor of v and a.
1
Let w(u) = -4*u + 13. Let i be w(4). Let y be (2/i)/(1*2/(-6)). What is the greatest common factor of 6 and y?
2
Let l(d) = d**2 + 16*d - 79. Let y be l(-24). Suppose -3*g + y = 41. Let n = 9 + -5. Calculate the greatest common divisor of g and n.
4
Let r be (-4)/(-2*2/6). Suppose 5*d - r*d = -36. Calculate the highest common factor of d and 9.
9
Let m(k) = k**3 - 11*k**2 - 8*k + 17. Let g(z) = z**2 - z - 1. Let d(u) = 5*g(u) - m(u). Let p be d(16). Calculate the highest common divisor of p and 208.
26
Suppose 0 = 2*k - 4*k + 3*n + 1194, 0 = 4*k - 3*n - 2394. Suppose -8*r - k = -13*r. Calculate the highest common divisor of 12 and r.
12
Let l(y) be the second derivative of y**5/20 + y**4/3 - y**3/3 - 153*y. Let p be 1 - 0 - 8/2. Let k be l(p). Calculate the highest common factor of k and 10.
5
Let x = 58 - 33. Let c = 487 - 262. What is the greatest common factor of x and c?
25
Let y(q) = 22*q - 76. Let v be y(18). What is the greatest common factor of 48 and v?
16
Let h(q) be the first derivative of -2*q**2 + 5*q + 1/3*q**3 + 6. Let t be h(7). What is the greatest common factor of t and 13?
13
Let v be (-32)/(-3 - -2) + 1. Suppose 0 = 4*d + 5*a - 94 - v, 0 = -3*d + a + 100. Let y = -26 + 48. Calculate the highest common factor of y and d.
11
Let u be 16/32 + (-6)/(-4). Let f be (228/24)/(1/u). Let b(k) = -30*k - 9. Let w be b(-6). Calculate the greatest common divisor of f and w.
19
Suppose 5*i + 3*o = 13, i - 3*o + 7 = -6*o. Let k(l) = l**2 - 5*l - 3. Let z be k(i). Let g be 2 - (3 + z*7). What is the greatest common factor of 50 and g?
10
Let d be (207/(-3))/(30/(-400)*5). What is the greatest common factor of d and 161?
23
Let b(i) = 511*i - 16. Let d be b(1). What is the greatest common factor of 45 and d?
45
Suppose -2343 = -44*g + 17457. Calculate the highest common divisor of 18 and g.
18
Let h = 138 + -202. Let r = h - -75. Suppose -4*t = -5*o + 1, -4*o + t + 2 = -t. What is the highest common divisor of r and o?
1
Suppose 5*o - 120 = 4*l, 4*o - 65 = -6*l + 3*l. What is the greatest common factor of o and 620?
20
Let a = -33 - -33. Suppose 3*h - 5*n - 185 = a, -4*h = 4*n - 175 - 29. Let t = 6 + 16. Calculate the highest common factor of t and h.
11
Let j(p) = -p + 18. Let u(f) = f - 9. Let z(k) = 3*j(k) + 5*u(k). Let w be z(-4). What is the greatest common divisor of 1 and w?
1
Let g = -273 - -407. Let q = -87 + g. Calculate the greatest common divisor of q and 329.
47
Suppose 5*r - 23 + 3 = 3*w, -r + 4*w = 13. Let t = r + 13. Calculate the highest common factor of t and 4.
4
Suppose 7*b - 18 = -4. Suppose -b*m + 5*x + 30 = x, -m + 20 = 3*x. What is the highest common divisor of m and 68?
17
Let z(n) = 21*n**2 + 128*n - 1. Let b be z(-7). Calculate the highest common divisor of 18 and b.
6
Let u = -98 - -218. What is the greatest common divisor of 16 and u?
8
Let z = -156 - -345. Suppose 2*i + 106 = 148. What is the highest common factor of i and z?
21
Let z be ((-16)/(-10))/((8/50)/(-4)). Let s = z - -64. What is the greatest common factor of s and 192?
24
Suppose 7*a = 15*a - 144. Calculate the highest common divisor of 90 and a.
18
Let x be 4/(-26) + 3502/(-221). Let r = -14 - x. Calculate the greatest common factor of 14 and r.
2
Suppose 2*x - 230 = -2*v - x, 5*v - 2*x - 613 = 0. Let a = v + -61. Suppose 0 = 5*m - 20 - a. Calculate the greatest common factor of m and 112.
16
Let o = 681 - 651. Calculate the highest common factor of 480 and o.
30
Let k(b) = 297*b**2 + 4*b - 1. Let i be k(1). What is the highest c